{"id":124,"date":"2016-03-11T20:56:12","date_gmt":"2016-03-11T19:56:12","guid":{"rendered":"http:\/\/www.ichsam.at\/?page_id=124"},"modified":"2017-04-11T15:28:18","modified_gmt":"2017-04-11T13:28:18","slug":"essstoerung","status":"publish","type":"page","link":"https:\/\/www.ichsam.at\/index.php\/essstoerung\/","title":{"rendered":"Essst\u00f6rung"},"content":{"rendered":"<p>Der Begriff Essst\u00f6rung bezeichnet ein St\u00f6rungsbild, das als zentrales Symptom st\u00e4ndiges Gedankenkreisen rund um das Themengebiet Essen in Zusammenhang mit dem eigenen K\u00f6rpergewicht zur Folge hat.<br \/>\nViel Zeit und Energie wird unter anderem dem Vermeiden von Essen bzw. Essanf\u00e4llen mit oder ohne anschliessendem Erbrechen und Gedanken an die eigene K\u00f6rperfigur gewidmet.<br \/>\nMitunter werden drastische Ma\u00dfnahmen ergriffen um das eigene K\u00f6rpergewicht zu kontrollieren bzw. zu verringern. Diese reichen von Essensverweigerung, missbr\u00e4uchlichen Verwendung von \u00a0 Abf\u00fchrmittel , das Essen von unverdaulichen Dingen, exzessiven Sport, bis hin zur Einnahme von Entw\u00e4sserungs- oder Appetit regulierenden Tabletten uvm.<br \/>\nViel Betroffene sind oft von einer st\u00e4ndigen, qu\u00e4lenden Angst zuzunehmen begleitet.<\/p>\n<p>In \u00d6sterreich liegt die offizielle Zahl der an einer Essst\u00f6rung erkrankten PatientInnen bei ca. 200 000 Menschen.<br \/>\nEssst\u00f6rungen stellen somit eine weitverbreitete St\u00f6rung dar.<br \/>\nDer schwere Grad der Erkrankung erstreckt sich von eher milderen Verlaufsformen bis hin zu lebensbedrohlichen gesundheitlichen Konsequenzen.<br \/>\nEs gibt unterschiedliche Essst\u00f6rungen, alle jedoch haben als Gemeinsamkeit, dass das eigene K\u00f6rpergewicht und die angestrebte Gewichtskontrolle zum zentralen und lebensbestimmenden Mittelpunkt geworden sind.<\/p>\n<p>Es ist in jedem Fall ratsam therapeutische Hilfe aufzusuchen. Die Therapie kann ein Ort sein, wo Betroffene frei von Scham und Schuldgef\u00fchlen \u00fcber die Belastungen und Einschr\u00e4nkungen, die die Essst\u00f6rung mit sich bringt, sprechen k\u00f6nnen.<\/p>\n<p><a href=\"https:\/\/www.youtube.com\/watch?v=YNVlArDjOHE\" target=\"_blank\">Essst\u00f6rung (englischer Kurzfilm)<\/a><\/p>\n","protected":false},"excerpt":{"rendered":"<p>Der Begriff Essst\u00f6rung bezeichnet ein St\u00f6rungsbild, das als zentrales Symptom st\u00e4ndiges Gedankenkreisen rund um das Themengebiet Essen in Zusammenhang mit dem eigenen K\u00f6rpergewicht zur Folge hat. Viel Zeit und Energie wird unter anderem dem Vermeiden von Essen bzw. Essanf\u00e4llen mit oder ohne anschliessendem Erbrechen und Gedanken an die eigene K\u00f6rperfigur gewidmet. Mitunter werden drastische Ma\u00dfnahmen &hellip; <a href=\"https:\/\/www.ichsam.at\/index.php\/essstoerung\/\" class=\"more-link\"><span class=\"screen-reader-text\">Essst\u00f6rung<\/span> weiterlesen <span class=\"meta-nav\">&rarr;<\/span><\/a><\/p>\n","protected":false},"author":1,"featured_media":0,"parent":0,"menu_order":0,"comment_status":"closed","ping_status":"closed","template":"page-templates\/full-width.php","meta":{"footnotes":""},"class_list":["post-124","page","type-page","status-publish","hentry"],"_links":{"self":[{"href":"https:\/\/www.ichsam.at\/index.php\/wp-json\/wp\/v2\/pages\/124"}],"collection":[{"href":"https:\/\/www.ichsam.at\/index.php\/wp-json\/wp\/v2\/pages"}],"about":[{"href":"https:\/\/www.ichsam.at\/index.php\/wp-json\/wp\/v2\/types\/page"}],"author":[{"embeddable":true,"href":"https:\/\/www.ichsam.at\/index.php\/wp-json\/wp\/v2\/users\/1"}],"replies":[{"embeddable":true,"href":"https:\/\/www.ichsam.at\/index.php\/wp-json\/wp\/v2\/comments?post=124"}],"version-history":[{"count":13,"href":"https:\/\/www.ichsam.at\/index.php\/wp-json\/wp\/v2\/pages\/124\/revisions"}],"predecessor-version":[{"id":230,"href":"https:\/\/www.ichsam.at\/index.php\/wp-json\/wp\/v2\/pages\/124\/revisions\/230"}],"wp:attachment":[{"href":"https:\/\/www.ichsam.at\/index.php\/wp-json\/wp\/v2\/media?parent=124"}],"curies":[{"name":"wp","href":"https:\/\/api.w.org\/{rel}","templated":true}]}}